140031?
671140031
What are the prime factors of 338912077?
7, 6916573
List the prime factors of 830051305.
5, 166010261
List the prime factors of 96869977.
229, 423013
What are the prime factors of 2898511306?
2, 1449255653
What are the prime factors of 452023195?
5, 13, 6954203
List the prime factors of 8109639.
3, 23, 1451
List the prime factors of 3293665512.
2, 3, 137236063
List the prime factors of 127536348.
2, 3, 431, 24659
List the prime factors of 7392494.
2, 3696247
List the prime factors of 4045563107.
107, 503, 75167
What are the prime factors of 1139169660?
2, 3, 5, 17, 229, 4877
List the prime factors of 903873385.
5, 577, 313301
List the prime factors of 711289700.
2, 5, 11, 19, 34033
List the prime factors of 533439231.
3, 13, 19, 37889
List the prime factors of 409708694.
2, 29, 79, 89417
List the prime factors of 28119222.
2, 3, 809, 1931
List the prime factors of 1603341760.
2, 5, 467, 10729
What are the prime factors of 592602742?
2, 19, 967, 16127
What are the prime factors of 287346164?
2, 7, 10262363
List the prime factors of 215829133.
13, 83, 317, 631
What are the prime factors of 39581972?
2, 9895493
List the prime factors of 51355655.
5, 13, 790087
What are the prime factors of 19924152?
2, 3, 830173
List the prime factors of 806616153.
3, 7, 17, 753143
List the prime factors of 145898158.
2, 7, 10421297
List the prime factors of 46376667.
3, 1009, 5107
What are the prime factors of 571120912?
2, 23, 1551959
What are the prime factors of 629759883?
3, 17, 19, 649907
List the prime factors of 102712842.
2, 3, 5706269
What are the prime factors of 1316655843?
3, 193, 2274017
What are the prime factors of 33201624?
2, 3, 1383401
List the prime factors of 172605870.
2, 3, 5, 43, 14867
List the prime factors of 54297052.
2, 211, 64333
List the prime factors of 4534986173.
113, 40132621
What are the prime factors of 958635524?
2, 7, 11, 421, 7393
List the prime factors of 25681532.
2, 6420383
List the prime factors of 11633631.
3, 3877877
What are the prime factors of 10262723?
29, 12203
List the prime factors of 5780223.
3, 642247
List the prime factors of 2737410200.
2, 5, 7, 1955293
List the prime factors of 126819991.
257, 493463
List the prime factors of 4991279589.
3, 31, 73, 81689
List the prime factors of 108961407.
3, 12106823
List the prime factors of 1934604889.
7, 276372127
What are the prime factors of 1138493547?
3, 19, 67, 99371
What are the prime factors of 313985445?
3, 5, 20932363
What are the prime factors of 154390788?
2, 3, 31, 37, 3739
List the prime factors of 156492096.
2, 3, 815063
What are the prime factors of 62264451?
3, 37, 560941
What are the prime factors of 3625480934?
2, 19, 95407393
What are the prime factors of 48254621?
23, 2098027
List the prime factors of 373888647.
3, 11, 3776653
What are the prime factors of 1638517571?
1638517571
What are the prime factors of 6312747695?
5, 29, 43536191
What are the prime factors of 4653642733?
10987, 423559
List the prime factors of 1299125189.
59, 149, 147779
List the prime factors of 2463197065.
5, 7, 17, 4139827
What are the prime factors of 43200399?
3, 11, 1309103
What are the prime factors of 999642367?
999642367
List the prime factors of 2129308477.
83, 25654319
List the prime factors of 543932283.
3, 83, 191, 11437
What are the prime factors of 596081386?
2, 23, 61, 79, 2689
List the prime factors of 125936824.
2, 13, 467, 2593
List the prime factors of 171446413.
73, 2348581
What are the prime factors of 108155848?
2, 29, 311, 1499
List the prime factors of 799197425.
5, 13, 2459069
What are the prime factors of 1339091894?
2, 7, 1153, 1693
What are the prime factors of 2334606034?
2, 103, 1931, 5869
What are the prime factors of 137618204?
2, 34404551
List the prime factors of 1056999095.
5, 31, 219979
What are the prime factors of 5039004376?
2, 7, 12854603
List the prime factors of 12419666.
2, 7, 599, 1481
What are the prime factors of 525837526?
2, 262918763
List the prime factors of 1250125315.
5, 577, 433319
What are the prime factors of 417327397?
41, 10178717
What are the prime factors of 8850436995?
3, 5, 307, 1921919
List the prime factors of 2405281296.
2, 3, 11, 463, 9839
What are the prime factors of 22694958?
2, 3, 11, 13, 2939
List the prime factors of 98639028.
2, 3, 2739973
List the prime factors of 9846416.
2, 615401
List the prime factors of 2564771951.
7, 2237, 163789
List the prime factors of 3497254658.
2, 1748627329
List the prime factors of 24232377.
3, 13, 621343
What are the prime factors of 81204094?
2, 313, 129719
What are the prime factors of 117724792?
2, 101, 367, 397
What are the prime factors of 1381538084?
2, 233, 1482337
What are the prime factors of 81535878?
2, 3, 19, 29, 8221
List the prime factors of 1890637604.
2, 47, 10056583
List the prime factors of 2758571982.
2, 3, 153253999
List the prime factors of 17734512.
2, 3, 369469
What are the prime factors of 2328490714?
2, 11, 17, 79, 78809
What are the prime factors of 34248323?
67, 511169
What are the prime factors of 7384890?
2, 3, 5, 199, 1237
What are the prime factors of 267996690?
2, 3, 5, 13, 23, 433
List the prime factors of 513753051.
3, 7, 2851, 8581
What are the prime factors of 1864323137?
1864323137
What are the prime factors of 1750728493?
17, 102984029
List the prime factors of 133922767.
11, 23, 197, 2687
List the prime factors of 30498083.
7, 11, 396079
What are the prime factors of 931979347?
13, 37, 1937587
List the prime factors of 58795037.
7, 8399291
List the prime factors of 43443394.
2, 1097, 19801
List the prime factors of 447222449.
447222449
List the prime factors of 5435463267.
3, 13, 46456951
List the prime factors of 46159600.
2, 5, 115399
List the prime factors of 147751093.
7, 79, 397, 673
What are the prime factors of 236907755?
5, 7, 6768793
List the prime factors of 72873123.
3, 347, 70003
What are the prime factors of 82427438?
2, 4813, 8563
List the prime factors of 7786463379.
3, 2657, 976849
What are the prime factors of 60611233?
23, 114577
What are the prime factors of 3394169822?
2, 2011, 843901
List the prime factors of 1337022749.
17, 101, 778697
List the prime factors of 682716165.
3, 5, 45514411
List the prime factors of 35391213.
3, 11, 13, 107, 257
What are the prime factors of 4187981?
7, 85469
What are the prime factors of 574051145?
5, 1367, 83987
What are the prime factors of 202227600?
2, 3, 5, 168523
What are the prime factors of 153479132?
2, 38369783
List the prime factors of 399521147.
61, 577, 11351
What are the prime factors of 420470961?
3, 140156987
List the prime factors of 16311862.
2, 7, 29, 40177
What are the prime factors of 761063156?
2, 7, 41, 662947
What are the prime factors of 518318908?
2, 129579727
What are the prime factors of 3166632668?
2, 599, 1321633
List the prime factors of 13103949.
3, 43, 101581
List the prime factors of 576710050.
2, 5, 7, 23, 31, 2311
What are the prime factors of 2155631876?
2, 47, 11466127
List the prime factors of 194163347.
7, 27737621
What are the prime factors of 1591181909?
607, 2621387
List the prime factors of 65634030.
2, 3, 5, 7, 11, 41
What are the prime factors of 2827943?
47, 60169
List the prime factors of 61283871.
3, 11, 101, 227
What are the prime factors of 333327330?
2, 3, 5, 7, 17, 31123
List the prime factors of 2833624357.
23, 463, 266093
List the prime factors of 113815444.
2, 28453861
What are the prime factors of 2204999284?
2, 113, 601, 8117
List the prime factors of 287751263.
8629, 33347
What are the prime factors of 24300009?
3, 37, 72973
List the prime factors of 2632138690.
2, 5, 263213869
What are the prime factors of 2474170?
2, 5, 401, 617
What are the prime factors of 4053860426?
2, 7, 11, 17, 607, 2551
List the prime factors of 42826469.
7, 31, 151, 1307
List the prime factors of 886242308.
2, 7, 19, 1665869
What are the prime factors of 726993836?
2, 331, 549089
List the prime factors of 42737262.
2, 3, 79, 90163
What are the prime factors of 397182379?
11, 298409
What are the prime factors of 376208790?
2, 3, 5, 107, 233, 503
What are the prime factors of 1435802255?
5, 23, 173, 72169
List the prime factors of 1646102175.
3, 5, 769, 28541
What are the prime factors of 2280061169?
2280061169
What are the pri